 is the billions digit of 1436908925?
1
What is the units digit of 35019640?
0
What is the thousands digit of 46719081?
9
What is the tens digit of 18768105?
0
What is the billions digit of 1196891452?
1
What is the hundred thousands digit of 897223004?
2
What is the ten millions digit of 1075614506?
7
What is the ten thousands digit of 84731960?
3
What is the ten millions digit of 492565896?
9
What is the thousands digit of 22784609?
4
What is the ten thousands digit of 88822163?
2
What is the hundred thousands digit of 84655377?
6
What is the millions digit of 150114963?
0
What is the hundreds digit of 1324799239?
2
What is the units digit of 120384010?
0
What is the ten millions digit of 22448754?
2
What is the hundreds digit of 239748317?
3
What is the hundred thousands digit of 77984948?
9
What is the hundreds digit of 88750234?
2
What is the units digit of 16565742?
2
What is the hundreds digit of 519041734?
7
What is the hundreds digit of 5857033106?
1
What is the ten thousands digit of 9658671?
5
What is the hundred millions digit of 865771348?
8
What is the hundred thousands digit of 2784612686?
6
What is the millions digit of 97536002?
7
What is the thousands digit of 26900566?
0
What is the ten millions digit of 42881420?
4
What is the millions digit of 24332776?
4
What is the units digit of 19821826?
6
What is the millions digit of 3641814747?
1
What is the tens digit of 25403406?
0
What is the thousands digit of 3872207729?
7
What is the hundred thousands digit of 100500105?
5
What is the ten thousands digit of 370522525?
2
What is the thousands digit of 22401595?
1
What is the thousands digit of 24975239?
5
What is the ten millions digit of 142850314?
4
What is the hundreds digit of 216289074?
0
What is the millions digit of 774718470?
4
What is the hundred millions digit of 3089920662?
0
What is the ten thousands digit of 214951164?
5
What is the millions digit of 654228972?
4
What is the hundred thousands digit of 1588474068?
4
What is the hundred thousands digit of 336565538?
5
What is the hundred millions digit of 218269822?
2
What is the tens digit of 4358421785?
8
What is the thousands digit of 924672972?
2
What is the ten thousands digit of 207124921?
2
What is the units digit of 6520777855?
5
What is the hundreds digit of 374825475?
4
What is the millions digit of 48782181?
8
What is the ten millions digit of 86535979?
8
What is the tens digit of 597557481?
8
What is the units digit of 1789853936?
6
What is the billions digit of 1227047048?
1
What is the millions digit of 1237769405?
7
What is the thousands digit of 80556548?
6
What is the millions digit of 328700550?
8
What is the ten thousands digit of 5814000?
1
What is the units digit of 66535221?
1
What is the millions digit of 40709966?
0
What is the millions digit of 263616326?
3
What is the thousands digit of 35759969?
9
What is the thousands digit of 64641157?
1
What is the units digit of 364330363?
3
What is the hundred millions digit of 231834687?
2
What is the hundred thousands digit of 2707461242?
4
What is the hundred thousands digit of 1341280785?
2
What is the millions digit of 2572436234?
2
What is the hundred thousands digit of 62727097?
7
What is the millions digit of 56513997?
6
What is the ten millions digit of 42073750?
4
What is the units digit of 362046089?
9
What is the tens digit of 1064310216?
1
What is the thousands digit of 68414365?
4
What is the hundred millions digit of 377522351?
3
What is the hundred millions digit of 398827394?
3
What is the hundred thousands digit of 893832242?
8
What is the hundreds digit of 62965924?
9
What is the units digit of 564032293?
3
What is the tens digit of 75251235?
3
What is the millions digit of 14931074?
4
What is the ten thousands digit of 191069073?
6
What is the thousands digit of 388781749?
1
What is the hundred millions digit of 300730041?
3
What is the tens digit of 84436904?
0
What is the tens digit of 2579610?
1
What is the ten millions digit of 473128142?
7
What is the millions digit of 829949968?
9
What is the ten thousands digit of 44324758?
2
What is the ten millions digit of 3475937310?
7
What is the hundreds digit of 470694323?
3
What is the units digit of 486933355?
5
What is the millions digit of 94134329?
4
What is the thousands digit of 385085893?
5
What is the units digit of 67642833?
3
What is the ten thousands digit of 3374237603?
3
What is the millions digit of 4802877315?
2
What is the units digit of 177827878?
8
What is the hundred thousands digit of 1915916830?
9
What is the tens digit of 57781568?
6
What is the hundred thousands digit of 69866410?
8
What is the hundred millions digit of 513491758?
5
What is the ten thousands digit of 4801936349?
3
What is the millions digit of 26944262?
6
What is the thousands digit of 29634595?
4
What is the hundreds digit of 47036166?
1
What is the tens digit of 41775898?
9
What is the ten thousands digit of 646797251?
9
What is the ten millions digit of 218217985?
1
What is the millions digit of 4620546962?
0
What is the thousands digit of 204030152?
0
What is the ten thousands digit of 216383273?
8
What is the millions digit of 5658494899?
8
What is the ten thousands digit of 48959133?
5
What is the ten millions digit of 130465848?
3
What is the ten thousands digit of 1290109125?
0
What is the hundreds digit of 65471770?
7
What is the units digit of 635978830?
0
What is the ten thousands digit of 23268466?
6
What is the tens digit of 826624694?
9
What is the tens digit of 7447248?
4
What is the units digit of 41043035?
5
What is the ten thousands digit of 3259321726?
2
What is the millions digit of 143485561?
3
What is the ten millions digit of 1809822567?
0
What is the hundred millions digit of 2410855395?
4
What is the units digit of 62776626?
6
What is the tens digit of 6545898?
9
What is the units digit of 53905913?
3
What is the tens digit of 48504622?
2
What is the hundred thousands digit of 888788326?
7
What is the thousands digit of 120446136?
6
What is the ten millions digit of 75841167?
7
What is the hundreds digit of 505866055?
0
What is the units digit of 111908566?
6
What is the hundred thousands digit of 111530661?
5
What is the ten thousands digit of 1842785343?
8
What is the tens digit of 60404352?
5
What is the ten thousands digit of 297924176?
2
What is the thousands digit of 11509703?
9
What is the ten millions digit of 281154246?
8
What is the hundred thousands digit of 374156613?
1
What is the hundreds digit of 54966589?
5
What is the millions digit of 206167341?
6
What is the tens digit of 34415113?
1
What is the thousands digit of 1003265576?
5
What is the tens digit of 69545807?
0
What is the units digit of 101737972?
2
What is the ten millions digit of 48344408?
4
What is the ten thousands digit of 292402747?
0
What is the millions digit of 23993749?
3
What is the ten millions digit of 225660040?
2
What is the billions digit of 2207432153?
2
What is the units digit of 790410522?
2
What is the ten millions digit of 2071982993?
7
What is the hundreds digit of 122638964?
9
What is the millions digit of 853911742?
3
What is the millions digit of 93076558?
3
What is the tens digit of 7499404?
0
What is the tens digit of 219395679?
7
What is the tens digit of 18356588?
8
What is the thousands digit of 580709462?
9
What is the tens digit of 365484046?
4
What is the ten thousands digit of 66556518?
5
What is the units digit of 94764?
4
What is the hundred thousands digit of 758651291?
6
What is the hundred millions digit of 5719513361?
7
What is the hundreds digit of 187063674?
6
What is the hundred thousands digit of 159218924?
2
What is the hundred millions digit of 614792412?
6
What is the hundreds digit of 6412110?
1
What is the millions digit of 50752449?
0
What is the ten millions digit of 4359797949?
5
What is the hundred thousands digit of 67040506?
0
What is the millions digit of 3598412364?
8
What is the ten millions digit of 55131610?
5
What is the units digit of 414066490?
0
What is the millions digit of 87611433?
7
What is the millions digit of 143718618?
3
What is the millions digit of 122507706?
2
What is the hundreds digit of 21201459?
4
What is the millions digit of 2419861795?
9
What is the units digit